{"id":24,"date":"2025-07-26T19:44:15","date_gmt":"2025-07-26T19:44:15","guid":{"rendered":"https:\/\/atelierdubronze.fr\/?page_id=24"},"modified":"2025-09-18T10:02:53","modified_gmt":"2025-09-18T10:02:53","slug":"a-propos","status":"publish","type":"page","link":"https:\/\/atelierdubronze.fr\/?page_id=24","title":{"rendered":"L&rsquo;Artisan d&rsquo;art"},"content":{"rendered":"\n<figure class=\"wp-block-image aligncenter size-large is-resized\"><img decoding=\"async\" width=\"819\" height=\"1024\" src=\"https:\/\/atelierdubronze.fr\/wp-content\/uploads\/2025\/07\/2a5e6d35-93b1-4f7b-8f6e-f967b15abf06-819x1024.jpg\" alt=\"\" class=\"wp-image-167\" style=\"width:312px;height:auto\" srcset=\"https:\/\/atelierdubronze.fr\/wp-content\/uploads\/2025\/07\/2a5e6d35-93b1-4f7b-8f6e-f967b15abf06-819x1024.jpg 819w, https:\/\/atelierdubronze.fr\/wp-content\/uploads\/2025\/07\/2a5e6d35-93b1-4f7b-8f6e-f967b15abf06-240x300.jpg 240w, https:\/\/atelierdubronze.fr\/wp-content\/uploads\/2025\/07\/2a5e6d35-93b1-4f7b-8f6e-f967b15abf06.jpg 1210w\" sizes=\"(max-width: 819px) 100vw, 819px\" \/><\/figure>\n\n\n\n<p class=\"has-text-align-center\" style=\"font-size:clamp(16.834px, 1.052rem + ((1vw - 3.2px) * 0.955), 26px);\"><strong>Arnaud Delaigue &#8211; Artisan d&rsquo;art<\/strong><\/p>\n\n\n\n<figure class=\"wp-block-image aligncenter size-large is-resized\"><img decoding=\"async\" width=\"1024\" height=\"663\" src=\"https:\/\/atelierdubronze.fr\/wp-content\/uploads\/2025\/07\/logo-artisan-art-CMA45-1-1024x663.jpg\" alt=\"\" class=\"wp-image-169\" style=\"width:150px\" srcset=\"https:\/\/atelierdubronze.fr\/wp-content\/uploads\/2025\/07\/logo-artisan-art-CMA45-1-1024x663.jpg 1024w, https:\/\/atelierdubronze.fr\/wp-content\/uploads\/2025\/07\/logo-artisan-art-CMA45-1-300x194.jpg 300w, https:\/\/atelierdubronze.fr\/wp-content\/uploads\/2025\/07\/logo-artisan-art-CMA45-1-2000x1294.jpg 2000w\" sizes=\"(max-width: 1024px) 100vw, 1024px\" \/><\/figure>\n\n\n\n<p class=\"has-text-align-center\" style=\"font-size:clamp(15.197px, 0.95rem + ((1vw - 3.2px) * 0.813), 23px);\">H\u00e9ritier de la longue tradition de la fonte d&rsquo;art fran\u00e7aise, notre savoir-faire alli\u00e9 aux techniques modernes nous permet d&rsquo; accompagner les artistes tout au long de leurs projets, de leur d\u00e9sir de conception \u00e0 la concr\u00e9tisation de leurs oeuvres.<\/p>\n\n\n\n<p class=\"has-text-align-center\" style=\"font-size:clamp(15.197px, 0.95rem + ((1vw - 3.2px) * 0.813), 23px);\">Artisan d&rsquo;art passionn\u00e9, Arnaud s&rsquo;applique \u00e0 mettre son expertise au service des artistes mais \u00e9galement d&rsquo;une client\u00e8le de professionnels, institutionnels et particuliers.<\/p>\n\n\n\n<figure class=\"wp-block-gallery has-nested-images columns-default is-cropped wp-block-gallery-1 is-layout-flex wp-block-gallery-is-layout-flex\">\n<figure class=\"wp-block-image size-large\"><img decoding=\"async\" width=\"750\" height=\"1000\" data-id=\"517\" src=\"https:\/\/atelierdubronze.fr\/wp-content\/uploads\/2025\/09\/ciselure_MIG-soudure-artisan_d_art_2.jpg\" alt=\"\" class=\"wp-image-517\" srcset=\"https:\/\/atelierdubronze.fr\/wp-content\/uploads\/2025\/09\/ciselure_MIG-soudure-artisan_d_art_2.jpg 750w, https:\/\/atelierdubronze.fr\/wp-content\/uploads\/2025\/09\/ciselure_MIG-soudure-artisan_d_art_2-225x300.jpg 225w\" sizes=\"(max-width: 750px) 100vw, 750px\" \/><\/figure>\n\n\n\n<figure class=\"wp-block-image size-large\"><img decoding=\"async\" width=\"750\" height=\"1000\" data-id=\"592\" src=\"https:\/\/atelierdubronze.fr\/wp-content\/uploads\/2025\/09\/ciselure_artisandart-1.jpg\" alt=\"\" class=\"wp-image-592\" srcset=\"https:\/\/atelierdubronze.fr\/wp-content\/uploads\/2025\/09\/ciselure_artisandart-1.jpg 750w, https:\/\/atelierdubronze.fr\/wp-content\/uploads\/2025\/09\/ciselure_artisandart-1-225x300.jpg 225w\" sizes=\"(max-width: 750px) 100vw, 750px\" \/><\/figure>\n\n\n\n<figure class=\"wp-block-image size-large\"><img decoding=\"async\" width=\"750\" height=\"1000\" data-id=\"593\" src=\"https:\/\/atelierdubronze.fr\/wp-content\/uploads\/2025\/09\/ciselure_artisan_d_art_3-1.jpg\" alt=\"\" class=\"wp-image-593\" srcset=\"https:\/\/atelierdubronze.fr\/wp-content\/uploads\/2025\/09\/ciselure_artisan_d_art_3-1.jpg 750w, https:\/\/atelierdubronze.fr\/wp-content\/uploads\/2025\/09\/ciselure_artisan_d_art_3-1-225x300.jpg 225w\" sizes=\"(max-width: 750px) 100vw, 750px\" \/><\/figure>\n\n\n\n<figure class=\"wp-block-image size-large\"><img decoding=\"async\" width=\"720\" height=\"800\" data-id=\"590\" src=\"https:\/\/atelierdubronze.fr\/wp-content\/uploads\/2025\/09\/patine_le-frisson_deville-chabrolle-1.jpg\" alt=\"\" class=\"wp-image-590\" srcset=\"https:\/\/atelierdubronze.fr\/wp-content\/uploads\/2025\/09\/patine_le-frisson_deville-chabrolle-1.jpg 720w, https:\/\/atelierdubronze.fr\/wp-content\/uploads\/2025\/09\/patine_le-frisson_deville-chabrolle-1-270x300.jpg 270w\" sizes=\"(max-width: 720px) 100vw, 720px\" \/><\/figure>\n<\/figure>\n\n\n\n<div style=\"height:48px\" aria-hidden=\"true\" class=\"wp-block-spacer\"><\/div>\n\n\n\n<div style=\"height:45px\" aria-hidden=\"true\" class=\"wp-block-spacer\"><\/div>\n\n\n\n<p class=\"has-large-font-size\"><strong>Cachet d&rsquo;atelier d&rsquo;art<\/strong><\/p>\n\n\n\n<p style=\"font-size:clamp(15.747px, 0.984rem + ((1vw - 3.2px) * 0.86), 24px);\">Toutes nos \u0153uvres sont sign\u00e9es de l&rsquo;artiste, num\u00e9rot\u00e9es et frapp\u00e9es de notre cachet d&rsquo;atelier d&rsquo;art \u00ab ART &amp; BRONZE \u00bb certifiant la num\u00e9rotation l\u00e9gale, la qualit\u00e9 et le titrage du bronze fran\u00e7ais.<br>Notre cachet reprenant le nom de l&rsquo;atelier, l&rsquo;origine et la fleur de lys notre ancrage dans la r\u00e9gion d&rsquo;Orl\u00e9ans.<\/p>\n\n\n\n<figure class=\"wp-block-image aligncenter size-large is-resized\"><img decoding=\"async\" width=\"1024\" height=\"847\" src=\"https:\/\/atelierdubronze.fr\/wp-content\/uploads\/2025\/07\/Cachet-ART-et-BRONZE_V3-Carre_2019-jpg-1024x847.jpg\" alt=\"\" class=\"wp-image-78\" style=\"width:250px\" srcset=\"https:\/\/atelierdubronze.fr\/wp-content\/uploads\/2025\/07\/Cachet-ART-et-BRONZE_V3-Carre_2019-jpg-1024x847.jpg 1024w, https:\/\/atelierdubronze.fr\/wp-content\/uploads\/2025\/07\/Cachet-ART-et-BRONZE_V3-Carre_2019-jpg-300x248.jpg 300w, https:\/\/atelierdubronze.fr\/wp-content\/uploads\/2025\/07\/Cachet-ART-et-BRONZE_V3-Carre_2019-jpg.jpg 1127w\" sizes=\"(max-width: 1024px) 100vw, 1024px\" \/><\/figure>\n\n\n\n<p class=\"has-background-color has-text-color has-link-color wp-elements-a911c1e84d24e6faf78292314ec0274f\"><\/p>\n\n\n\n<p class=\"has-background-color has-text-color has-link-color wp-elements-e1d8eb4dcfbf6743d6f442aabc1c9f9b\">#artetbronze#atelierdubronze#artisandart#artisan#artisanfrancais#ciselure#patine#restauration#gravure#surmesure#realisationsurmesure#expertise#expertisetechnique#techniqueartisanale#passion#metierdart#restaurationbronze#creationbronze#surmesure#artetbronze#atelierdubronze#savoirfaire#oxyde#bronzecontemporain#bronzeancien#patinetraditionnelle#bronzierdart<\/p>\n\n\n\n<p><\/p>\n","protected":false},"excerpt":{"rendered":"<p>Arnaud Delaigue &#8211; Artisan d&rsquo;art H\u00e9ritier de la longue tradition de la fonte d&rsquo;art fran\u00e7aise, notre savoir-faire alli\u00e9 aux techniques modernes nous permet d&rsquo; accompagner les artistes tout au long de leurs projets, de leur d\u00e9sir de conception \u00e0 la concr\u00e9tisation de leurs oeuvres. Artisan d&rsquo;art passionn\u00e9, Arnaud s&rsquo;applique \u00e0 mettre son expertise au service &hellip; <\/p>\n<p class=\"link-more\"><a href=\"https:\/\/atelierdubronze.fr\/?page_id=24\" class=\"more-link\">Lire la suite de<span class=\"screen-reader-text\">\u00ab\u00a0L&rsquo;Artisan d&rsquo;art\u00a0\u00bb<\/span><\/a><\/p>\n","protected":false},"author":1,"featured_media":0,"parent":0,"menu_order":0,"comment_status":"closed","ping_status":"closed","template":"","meta":{"footnotes":""},"class_list":["post-24","page","type-page","status-publish","hentry"],"_links":{"self":[{"href":"https:\/\/atelierdubronze.fr\/index.php?rest_route=\/wp\/v2\/pages\/24","targetHints":{"allow":["GET"]}}],"collection":[{"href":"https:\/\/atelierdubronze.fr\/index.php?rest_route=\/wp\/v2\/pages"}],"about":[{"href":"https:\/\/atelierdubronze.fr\/index.php?rest_route=\/wp\/v2\/types\/page"}],"author":[{"embeddable":true,"href":"https:\/\/atelierdubronze.fr\/index.php?rest_route=\/wp\/v2\/users\/1"}],"replies":[{"embeddable":true,"href":"https:\/\/atelierdubronze.fr\/index.php?rest_route=%2Fwp%2Fv2%2Fcomments&post=24"}],"version-history":[{"count":19,"href":"https:\/\/atelierdubronze.fr\/index.php?rest_route=\/wp\/v2\/pages\/24\/revisions"}],"predecessor-version":[{"id":651,"href":"https:\/\/atelierdubronze.fr\/index.php?rest_route=\/wp\/v2\/pages\/24\/revisions\/651"}],"wp:attachment":[{"href":"https:\/\/atelierdubronze.fr\/index.php?rest_route=%2Fwp%2Fv2%2Fmedia&parent=24"}],"curies":[{"name":"wp","href":"https:\/\/api.w.org\/{rel}","templated":true}]}}